{"id":3,"date":"2019-12-17T15:43:28","date_gmt":"2019-12-17T15:43:28","guid":{"rendered":"https:\/\/winnabutla.pl\/?page_id=3"},"modified":"2020-05-21T12:26:51","modified_gmt":"2020-05-21T10:26:51","slug":"polityka-prywatnosci","status":"publish","type":"page","link":"https:\/\/winnabutla.pl\/index.php\/polityka-prywatnosci\/","title":{"rendered":"Polityka prywatno\u015bci"},"content":{"rendered":"\r\n<h2 class=\"wp-block-heading\">Polityka prywatno\u015bci i pliki cookies<\/h2>\r\n<p><b>I. POSTANOWIENIA OG\u00d3LNE<\/b><\/p>\r\n<p>1. Niniejsza polityka prywatno\u015bci witryny internetowej www.sklep.winnabutla.pl i ma charakter informacyjny, co oznacza \u017ce nie jest ona \u017ar\u00f3d\u0142em obowi\u0105zk\u00f3w dla Us\u0142ugobiorc\u00f3w lub Klient\u00f3w Sklepu .<\/p>\r\n<p>2. Administratorem danych osobowych zbieranych za po\u015brednictwem Sklepu\u00a0 jest firma Monolit Sp. z o.o. zwana dalej \u201eAdministratorem\u201d i b\u0119d\u0105ca jednocze\u015bnie Us\u0142ugodawc\u0105 Sklepu\u00a0 i operatorem sklep.winnabutla.pl<\/p>\r\n<p>3. Dane osobowe Us\u0142ugobiorcy i Klienta s\u0105 przetwarzane zgodnie z ustaw\u0105 o ochronie danych osobowych z dnia 29 sierpnia 1997 r. (Dz.U. 1997 Nr 133, poz. 883 ze zm.) (zwana dalej: Ustaw\u0105 o ochronie danych osobowych) oraz ustaw\u0105 o \u015bwiadczeniu us\u0142ug drog\u0105 elektroniczn\u0105 z dnia 18 lipca 2002 r. (Dz.U. 2002 Nr 144, poz. 1204 ze zm.).<\/p>\r\n<p>4. Administrator dok\u0142ada szczeg\u00f3lnej staranno\u015bci w celu ochrony interes\u00f3w os\u00f3b, kt\u00f3rych dane dotycz\u0105, a w szczeg\u00f3lno\u015bci zapewnia, \u017ce zbierane przez niego dane s\u0105 przetwarzane zgodnie z prawem; zbierane dla oznaczonych, zgodnych z prawem cel\u00f3w i niepoddawane dalszemu przetwarzaniu niezgodnemu z tymi celami; merytorycznie poprawne i adekwatne w stosunku do cel\u00f3w, w jakich s\u0105 przetwarzane oraz przechowywane w postaci umo\u017cliwiaj\u0105cej identyfikacj\u0119 os\u00f3b, kt\u00f3rych dotycz\u0105, nie d\u0142u\u017cej ni\u017c jest to niezb\u0119dne do osi\u0105gni\u0119cia celu przetwarzania.<\/p>\r\n<p>5. Z w\u0142a\u015bcicielem witryny mo\u017cna skontaktowa\u0107 si\u0119 poprzez adres email: info@winnabutla.pl<\/p>\r\n<p><b>II. CEL I ZAKRES ZBIERANIA DANYCH ORAZ ODBIORCY DANYCH<\/b><\/p>\r\n<p>1. Ka\u017cdorazowo cel, zakres oraz odbiorcy danych przetwarzanych przez Administratora wynika z dzia\u0142a\u0144 podejmowanych przez Us\u0142ugobiorc\u0119 lub Klienta. Przyk\u0142adowo je\u017celi Klient w trakcie sk\u0142adania Zam\u00f3wienia wybierze odbi\u00f3r osobisty zamiast przesy\u0142ki kurierskiej, to jego dane osobowe b\u0119d\u0105 przetwarzane w celu zawarcia i realizacji Umowy Sprzeda\u017cy, ale nie b\u0119d\u0105 ju\u017c udost\u0119pniane przewo\u017anikowi realizuj\u0105cemu przesy\u0142ki na zlecenie Administratora.<\/p>\r\n<p>2. Mo\u017cliwe cele zbierania danych osobowych Us\u0142ugobiorc\u00f3w lub Klient\u00f3w przez Administratora:<\/p>\r\n<p>a. zawarcie i realizacja Umowy Sprzeda\u017cy lub umowy o \u015bwiadczenie Us\u0142ugi Elektronicznej (np. Konto);<\/p>\r\n<p>b. marketing bezpo\u015bredni w\u0142asnych produkt\u00f3w lub us\u0142ug Administratora.<\/p>\r\n<p>3. Mo\u017cliwi odbiorcy danych osobowych Klient\u00f3w Sklepu:<\/p>\r\n<p>a. w przypadku Klienta, kt\u00f3ry korzysta w Sklepie\u00a0 ze sposobu dostawy przesy\u0142k\u0105 kuriersk\u0105, Administrator udost\u0119pnia zebrane dane osobowe Klienta wybranemu przewo\u017anikowi lub po\u015brednikowi realizuj\u0105cemu przesy\u0142ki na zlecenie Administratora;<\/p>\r\n<p>b. w przypadku Klienta, kt\u00f3ry korzysta w Sklepie\u00a0 ze sposobu p\u0142atno\u015bci kart\u0105 kredytow\u0105, Administrator udost\u0119pnia zebrane dane osobowe Klienta, wybranemu podmiotowi obs\u0142uguj\u0105cemu powy\u017csze p\u0142atno\u015bci w Sklepie .<\/p>\r\n<p>4. Administrator mo\u017ce przetwarza\u0107 nast\u0119puj\u0105ce dane osobowe Us\u0142ugobiorc\u00f3w lub Klient\u00f3w korzystaj\u0105cych ze Sklepu : imi\u0119 i nazwisko; adres poczty elektronicznej; numer telefonu kontaktowego; adres dostawy (ulica, numer domu, numer lokalu, kod pocztowy, miejscowo\u015b\u0107, kraj), adres zamieszkania\/prowadzenia dzia\u0142alno\u015bci\/siedziby (je\u017celi jest inny ni\u017c adres dostawy). W wypadku Us\u0142ugobiorc\u00f3w lub Klient\u00f3w nie b\u0119d\u0105cych konsumentami Administrator mo\u017ce przetwarza\u0107 dodatkowo nazw\u0119 firmy oraz numer identyfikacji podatkowej (NIP).<\/p>\r\n<p>5. Podanie danych osobowych, o kt\u00f3rych mowa w punkcie powy\u017cej mo\u017ce by\u0107 niezb\u0119dne do zawarcia i realizacji Umowy Sprzeda\u017cy lub umowy o \u015bwiadczenie Us\u0142ugi Elektronicznej w Sklepie. Ka\u017cdorazowo zakres wymaganych do zawarcia umowy danych wskazany jest uprzednio na stronie Sklepu\u00a0 oraz w Regulaminie Sklepu .<\/p>\r\n<p><b>III. COOKIES I DANE EKSPLOATACYJNE<\/b><\/p>\r\n<p>1. Pliki Cookies (ciasteczka) s\u0105 to niewielkie informacje tekstowe w postaci plik\u00f3w tekstowych, wysy\u0142ane przez serwer i zapisywane po stronie osoby odwiedzaj\u0105cej stron\u0119 Sklepu\u00a0 (np. na dysku twardym komputera, laptopa, czy te\u017c na karcie pami\u0119ci smartfona \u2013 w zale\u017cno\u015bci z jakiego urz\u0105dzenia korzysta odwiedzaj\u0105cy nasz Sklep). Szczeg\u00f3\u0142owe informacje dot. plik\u00f3w Cookies, a tak\u017ce histori\u0119 ich powstania mo\u017cna znale\u017a\u0107 m.in. tutaj: <a href=\"http:\/\/pl.wikipedia.org\/wiki\/Ciasteczko\">http:\/\/pl.wikipedia.org\/wiki\/Ciasteczko.<\/a><\/p>\r\n<p>2. Administrator mo\u017ce przetwarza\u0107 dane zawarte w plikach Cookies podczas korzystania przez odwiedzaj\u0105cych ze strony Sklepu w nast\u0119puj\u0105cych celach:<\/p>\r\n<p>a. identyfikacji Us\u0142ugobiorc\u00f3w jako zalogowanych w Sklepie\u00a0 i pokazywania, \u017ce s\u0105 zalogowani;<\/p>\r\n<p>b. zapami\u0119tywania Produkt\u00f3w dodanych do koszyka w celu z\u0142o\u017cenia Zam\u00f3wienia;<\/p>\r\n<p>c. zapami\u0119tywania danych z wype\u0142nianych Formularzy Zam\u00f3wienia, ankiet lub danych logowania do Sklepu ;<\/p>\r\n<p>d. dostosowywania zawarto\u015bci strony Sklepu\u00a0 do indywidualnych preferencji Us\u0142ugobiorcy (np. dotycz\u0105cych kolor\u00f3w, rozmiaru czcionki, uk\u0142adu strony) oraz optymalizacji korzystania ze stron Sklepu ;<\/p>\r\n<p>e. prowadzenia anonimowych statystyk przedstawiaj\u0105cych spos\u00f3b korzystania ze strony Sklepu.<\/p>\r\n<p>3. Standardowo wi\u0119kszo\u015b\u0107 przegl\u0105darek internetowych dost\u0119pnych na rynku domy\u015blnie akceptuje zapisywanie plik\u00f3w Cookies. Ka\u017cdy ma mo\u017cliwo\u015b\u0107 okre\u015blenia warunk\u00f3w korzystania z plik\u00f3w Cookies za pomoc\u0105 ustawie\u0144 w\u0142asnej przegl\u0105darki internetowej. Oznacza to, \u017ce mo\u017cna np. cz\u0119\u015bciowo ograniczy\u0107 (np. czasowo) lub ca\u0142kowicie wy\u0142\u0105czy\u0107 mo\u017cliwo\u015b\u0107 zapisywania plik\u00f3w Cookies \u2013 w tym ostatnim wypadku jednak mo\u017ce to mie\u0107 wp\u0142yw na niekt\u00f3re funkcjonalno\u015bci Sklepu\u00a0 (przyk\u0142adowo niemo\u017cliwym mo\u017ce okaza\u0107 si\u0119 przej\u015bcie \u015bcie\u017cki Zam\u00f3wienia poprzez Formularz Zam\u00f3wienia z uwagi na niezapami\u0119tywanie Produkt\u00f3w w koszyku podczas kolejnych krok\u00f3w sk\u0142adania Zam\u00f3wienia).<\/p>\r\n<p>4. Ustawienia przegl\u0105darki internetowej w zakresie plik\u00f3w Cookies s\u0105 istotne z punktu widzenia zgody na korzystanie z plik\u00f3w Cookies przez nasz Sklep\u00a0 \u2013 zgodnie z przepisami taka zgoda mo\u017ce by\u0107 r\u00f3wnie\u017c wyra\u017cona poprzez ustawienia przegl\u0105darki internetowej. W braku wyra\u017cenia takiej zgody nale\u017cy odpowiednio zmieni\u0107 ustawienia przegl\u0105darki internetowej w zakresie plik\u00f3w Cookies.<\/p>\r\n<p>5. Szczeg\u00f3\u0142owe informacje na temat zmiany ustawie\u0144 dotycz\u0105cych plik\u00f3w Cookies oraz ich samodzielnego usuwania w najpopularniejszych przegl\u0105darkach internetowych dost\u0119pne s\u0105 w dziale pomocy przegl\u0105darki internetowej oraz na poni\u017cszych stronach (wystarczy klikn\u0105\u0107 w dany link):<\/p>\r\n<p>Internet Explorer\u2122:\u00a0<a href=\"https:\/\/support.microsoft.com\/pl-pl\/help\/17442\/windows-internet-explorer-delete-manage-cookies\" target=\"_blank\" rel=\"noopener noreferrer\">https:\/\/support.microsoft.com\/pl-pl\/help\/17442\/windows-internet-explorer-delete-manage-cookies<\/a><br \/>Safari\u2122:\u00a0<a href=\"http:\/\/safari.helpmax.net\/pl\/ochrona-i-prywatnosc\/usuwanie-plikow-cookie\/\" target=\"_blank\" rel=\"noopener noreferrer\">http:\/\/safari.helpmax.net\/pl\/ochrona-i-prywatnosc\/usuwanie-plikow-cookie\/<\/a><br \/>Chrome\u2122:\u00a0<a href=\"https:\/\/support.google.com\/chrome\/answer\/95647?hl=pl&amp;hlrm=en\" target=\"_blank\" rel=\"noopener noreferrer\">https:\/\/support.google.com\/chrome\/answer\/95647?hl=pl&amp;hlrm=en<\/a><br \/>Firefox\u2122:\u00a0<a href=\"https:\/\/support.mozilla.org\/pl\/kb\/usuwanie-ciasteczek\" target=\"_blank\" rel=\"noopener noreferrer\">https:\/\/support.mozilla.org\/pl\/kb\/usuwanie-ciasteczek<\/a><br \/>Opera\u2122:\u00a0<a href=\"http:\/\/help.opera.com\/Windows\/12.10\/pl\/cookies.html\" target=\"_blank\" rel=\"noopener noreferrer\">http:\/\/help.opera.com\/Windows\/12.10\/pl\/cookies.html<\/a><\/p>\r\n<p>6. Administrator przetwarza r\u00f3wnie\u017c zanonimizowane dane eksploatacyjne zwi\u0105zane z korzystaniem ze Sklepu\u00a0 (tzw. logi \u2013 adres IP, domena) do generowania statystyk pomocnych w administrowaniu Sklepem . Dane te maj\u0105 charakter zbiorczy i anonimowy, tj. nie zawieraj\u0105 cech identyfikuj\u0105cych osoby odwiedzaj\u0105ce stron\u0119 Sklepu. Logi nie s\u0105 ujawniane osobom trzecim.<\/p>\r\n<p><b>IV. PODSTAWA PRZETWARZANIA DANYCH<\/b><\/p>\r\n<p>1. Podanie danych osobowych przez Us\u0142ugobiorc\u0119 lub Klienta jest dobrowolne, aczkolwiek niepodanie wskazanych w na stronie Sklepu\u00a0 oraz w Regulaminie Sklepu\u00a0 danych osobowych niezb\u0119dnych do zawarcia i realizacji Umowy Sprzeda\u017cy lub umowy o \u015bwiadczenie Us\u0142ugi Elektronicznej skutkuje brakiem mo\u017cliwo\u015bci zawarcia tej\u017ce umowy.<\/p>\r\n<p>2. Podstaw\u0105 przetwarzania danych osobowych Us\u0142ugobiorcy lub Klienta jest konieczno\u015b\u0107 realizacji umowy, kt\u00f3rej jest stron\u0105 lub podj\u0119cia na jego \u017c\u0105danie dzia\u0142a\u0144 przed jej zawarciem. W przypadku przetwarzania danych w celu marketingu bezpo\u015bredniego w\u0142asnych produkt\u00f3w lub us\u0142ug Administratora podstaw\u0105 takiego przetwarzania jest (1) uprzednia zgoda Us\u0142ugobiorcy lub Klienta lub (2) wype\u0142nienie prawnie usprawiedliwionych cel\u00f3w realizowanych przez Administratora (zgodnie z art. 23 ust. 4 Ustawy o ochronie danych osobowych za prawnie usprawiedliwiony cel uwa\u017ca si\u0119 w szczeg\u00f3lno\u015bci marketing bezpo\u015bredni w\u0142asnych produkt\u00f3w lub us\u0142ug Administratora).<\/p>\r\n<p><b>V. PRAWO KONTROLI, DOST\u0118PU DO TRE\u015aCI SWOICH DANYCH ORAZ ICH POPRAWIANIA<\/b><\/p>\r\n<p>1. Us\u0142ugobiorca lub Klient ma prawo dost\u0119pu do tre\u015bci swoich danych osobowych oraz ich poprawiania.<\/p>\r\n<p>2. Ka\u017cdej osobie przys\u0142uguje prawo do kontroli przetwarzania danych, kt\u00f3re jej dotycz\u0105, zawartych w zbiorze danych Administratora, a zw\u0142aszcza prawo do: \u017c\u0105dania uzupe\u0142nienia, uaktualnienia, sprostowania danych osobowych, czasowego lub sta\u0142ego wstrzymania ich przetwarzania lub ich usuni\u0119cia, je\u017celi s\u0105 one niekompletne, nieaktualne, nieprawdziwe lub zosta\u0142y zebrane z naruszeniem ustawy albo s\u0105 ju\u017c zb\u0119dne do realizacji celu, dla kt\u00f3rego zosta\u0142y zebrane.<\/p>\r\n<p>3. W celu uzupe\u0142nienia, uaktualnienia, sprostowania lub wstrzymania przetwarzania a nawet usuni\u0119cia danych osobowych klienta indywidualnego sklepu online nale\u017cy skontaktowa\u0107 si\u0119 z dzia\u0142em obs\u0142ugi klienta poprze wys\u0142anie e-maila na adres:\u00a0<a href=\"mailto:info@winnabutla.pl\">info@winnabutla.pl<\/a><\/p>\r\n<p>4. W przypadku, gdy Administrator zamierza przetwarza\u0107 lub przetwarza dane Us\u0142ugobiorcy lub Klienta w celu marketingu bezpo\u015bredniego w\u0142asnych produkt\u00f3w lub us\u0142ug Administratora, osoba, kt\u00f3rej dane dotycz\u0105 uprawniona jest tak\u017ce do (1) wniesienia pisemnego, umotywowanego \u017c\u0105dania zaprzestania przetwarzania jej danych ze wzgl\u0119du na jej szczeg\u00f3ln\u0105 sytuacj\u0119 lub do (2) wniesienia sprzeciwu wobec przetwarzania jej danych. W celu realizacji uprawnie\u0144, o kt\u00f3rych mowa powy\u017cej mo\u017cna kontaktowa\u0107 si\u0119 z dzia\u0142em obs\u0142ugi klienta poprzez wys\u0142anie e-maila na adres\u00a0<a href=\"mailto:info@winnabutla.pl\">info@winnabutla.pl<\/a><\/p>\r\n<p>5. W przypadku udzielenia przez Klienta Zgody na przetwarzanie danych w celu marketingu bezpo\u015bredniego w\u0142asnych produkt\u00f3w lub us\u0142ug, Klient mo\u017ce odwo\u0142a\u0107 j\u0105 w ka\u017cdym czasie. W tym celu nale\u017cy wys\u0142a\u0107 e-mail na adres\u00a0<a href=\"mailto:info@winnabutla.pl\">info@winnabutla.pl<\/a><\/p>\r\n<p><b>VI. GOOGLE ANALYTICS, OPTIMIZELY I HOTJAR WEB ANALYTICS<\/b><\/p>\r\n<p>1. Administrator korzysta z us\u0142ug Google Analytics dostarczanych przez firm\u0119 Google Inc. (1600 Amphitheatre Parkway, Mountain View, CA 94043, USA), us\u0142ug HotJar dostarczanych przez firm\u0119 Hotjar Ltd (Malta) oraz z us\u0142ug Optimizely dostarczanych przez firm\u0119 Optimizely Inc. (631 Howard Street, Suite 100, San Francisco, CA 94105). Us\u0142ugi te pomagaj\u0105 Administratorowi analizowa\u0107 spos\u00f3b korzystania ze Sklepu.<\/p>\r\n<p>2. Google Analytics, HotJar oraz Optimizely wykorzystuje pliki Cookies (ciasteczka) do analizowania sposobu korzystania ze Sklepu. Pliki Cookies s\u0105 to niewielkie informacje tekstowe w postaci plik\u00f3w tekstowych, wysy\u0142ane przez serwer i zapisywane po stronie osoby korzystaj\u0105cej ze Sklepu (np. na dysku twardym komputera, laptopa, czy te\u017c na karcie pami\u0119ci smartfona \u2013 w zale\u017cno\u015bci z jakiego urz\u0105dzenia korzysta osoba korzystaj\u0105ca ze Sklepu ).<\/p>\r\n<p>3. Informacje uzyskane za pomoc\u0105 plik\u00f3w Cookies s\u0105 zapisywane na serwerach wykorzystywanych przez Google Inc, HotJar Ltd i Optimizely Inc., w tym na terytorium Stan\u00f3w Zjednoczonych. W przypadku aktywowania anonimizowania adresu IP podczas korzystania ze Sklepu\u00a0 adres IP zostanie skr\u00f3cony jeszcze w pa\u0144stwach cz\u0142onkowskich Unii Europejskiej lub innych b\u0119d\u0105cych stronami Porozumienia o Europejskim Obszarze Gospodarczym. Jedynie w wyj\u0105tkowych przypadkach pe\u0142ny adres IP zostanie przekazany do Stan\u00f3w Zjednoczonych i tam skr\u00f3cony.<\/p>\r\n<p>4. Na zlecenie Administratora Google Inc., HotJar Ltd I Optimizely Inc. b\u0119dzie korzysta\u0142a z tych informacji w celu oceny korzystania ze Sklepu\u00a0 przez U\u017cytkownika, tworzenia raport\u00f3w dotycz\u0105cych ruchu na stronach oraz \u015bwiadczenia innych us\u0142ug zwi\u0105zanych z korzystaniem\u00a0 Sklepu .<\/p>\r\n<p>5. Gromadzone dane przetwarzane s\u0105 w ramach powy\u017cszych us\u0142ug w spos\u00f3b zanonimizowany (s\u0105 to tzw. dane eksploatacyjne, kt\u00f3re uniemo\u017cliwiaj\u0105 identyfikacj\u0119 osoby). Dane te maj\u0105 charakter zbiorczy i anonimowy, tj. nie zawieraj\u0105 cech identyfikuj\u0105cych osoby korzystaj\u0105ce ze Sklepu.<\/p>\r\n<p>6. Standardowo wi\u0119kszo\u015b\u0107 przegl\u0105darek internetowych oraz urz\u0105dze\u0144 dost\u0119pnych na rynku domy\u015blnie akceptuje zapisywanie plik\u00f3w Cookies. Ka\u017cdy ma mo\u017cliwo\u015b\u0107 okre\u015blenia warunk\u00f3w korzystania z plik\u00f3w Cookies za pomoc\u0105 ustawie\u0144 w\u0142asnej przegl\u0105darki internetowej lub w\u0142asnego urz\u0105dzenia. Oznacza to, \u017ce mo\u017cna np. cz\u0119\u015bciowo ograniczy\u0107 (np. czasowo) lub ca\u0142kowicie wy\u0142\u0105czy\u0107 mo\u017cliwo\u015b\u0107 zapisywania plik\u00f3w Cookies \u2013 w tym ostatnim wypadku jednak mo\u017ce to mie\u0107 wp\u0142yw na niekt\u00f3re funkcjonalno\u015bci Sklepu.<\/p>\r\n<p>7. Ustawienia przegl\u0105darki internetowej lub urz\u0105dzenia w zakresie plik\u00f3w Cookies s\u0105 istotne z punktu widzenia zgody na korzystanie z plik\u00f3w Cookies przez Sklep\u00a0 \u2013 zgodnie z przepisami taka zgoda mo\u017ce by\u0107 r\u00f3wnie\u017c wyra\u017cona poprzez ustawienia przegl\u0105darki internetowej lub urz\u0105dzenia. W braku wyra\u017cenia takiej zgody nale\u017cy odpowiednio zmieni\u0107 ustawienia przegl\u0105darki internetowej lub urz\u0105dzenia w zakresie plik\u00f3w Cookies.<\/p>\r\n<p>8. HotJar mo\u017ce rejestrowa\u0107 klikni\u0119cia myszk\u0105, ruchy myszk\u0105, aktywno\u015b\u0107 przewijania oraz wprowadzane informacje, kt\u00f3re nie s\u0105 danymi osobowymi.<\/p>\r\n<p>9. Mo\u017cliwe jest tak\u017ce og\u00f3lne uniemo\u017cliwienie przekazywania danych z urz\u0105dzenia U\u017cytkownika do Google Analytics, HotJar Ltd i Optimizely z wykorzystaniem plik\u00f3w Cookies (w\u0142\u0105cznie z przekazywaniem adresu IP) poprzez pobranie dost\u0119pnej pod nast\u0119puj\u0105cym adresem wtyczki do przegl\u0105darki dostarczanej przez Google Inc, HotJar Ltd i Optimizely Inc. I jej zainstalowanie:\u00a0https:\/\/tools.google.com\/dlpage\/gaoptout?hl=pl\u00a0,\u00a0https:\/\/www.hotjar.com\/contact\u00a0i\u00a0http:\/\/www.optimizely.com\/opt_out.<\/p>\r\n<p>10. Szczeg\u00f3\u0142owe informacje o zasadach na jakich dzia\u0142aj\u0105 powy\u017csze us\u0142ugi, w tym o zasadach zbierania i przetwarzania danych dost\u0119pne s\u0105 tutaj: www.google.com\/intl\/pl\/policies\/privacy\/partners\/.<\/p>\r\n<p><b>VII. POSTANOWIENIA KO\u0143COWE<\/b><\/p>\r\n<p>1. Sklep mo\u017ce zawiera\u0107 odno\u015bniki do innych stron internetowych. Administrator namawia by po przej\u015bciu na inne strony, zapozna\u0107 si\u0119 z polityk\u0105 prywatno\u015bci tam ustalon\u0105. Niniejsza polityka prywatno\u015bci dotyczy tylko niniejszego Sklepu.<\/p>\r\n<p>2. Administrator stosuje \u015brodki techniczne i organizacyjne zapewniaj\u0105ce ochron\u0119 przetwarzanych danych osobowych odpowiedni\u0105 do zagro\u017ce\u0144 oraz kategorii danych obj\u0119tych ochron\u0105, a w szczeg\u00f3lno\u015bci zabezpiecza dane przed ich udost\u0119pnieniem osobom nieupowa\u017cnionym, zabraniem przez osob\u0119 nieuprawnion\u0105, przetwarzaniem z naruszeniem obowi\u0105zuj\u0105cych przepis\u00f3w oraz zmian\u0105, utrat\u0105, uszkodzeniem lub zniszczeniem.<\/p>\r\n<p>3. Administrator odpowiednio udost\u0119pnia nast\u0119puj\u0105ce \u015brodki techniczne zapobiegaj\u0105ce pozyskiwaniu i modyfikowaniu przez osoby nieuprawnione danych osobowych przesy\u0142anych drog\u0105 elektroniczn\u0105:<\/p>\r\n<p>a. Zabezpieczenie zbioru danych przed nieuprawnionym dost\u0119pem.<\/p>\r\n<p>b. Dost\u0119p do Konta jedynie po podaniu indywidualnego loginu i has\u0142a.<\/p>\r\n<p>c. Certyfikat SSL.<\/p>\r\n","protected":false},"excerpt":{"rendered":"<p>Polityka prywatno\u015bci i pliki cookies I. POSTANOWIENIA OG\u00d3LNE 1. Niniejsza polityka prywatno\u015bci witryny internetowej www.sklep.winnabutla.pl i ma charakter informacyjny, co oznacza \u017ce nie jest ona \u017ar\u00f3d\u0142em obowi\u0105zk\u00f3w dla Us\u0142ugobiorc\u00f3w lub Klient\u00f3w Sklepu . 2. Administratorem danych osobowych zbieranych za po\u015brednictwem Sklepu\u00a0 jest firma Monolit Sp. z o.o. zwana dalej \u201eAdministratorem\u201d i b\u0119d\u0105ca jednocze\u015bnie Us\u0142ugodawc\u0105 Sklepu\u00a0 [&hellip;]<\/p>\n","protected":false},"author":1,"featured_media":0,"parent":0,"menu_order":0,"comment_status":"closed","ping_status":"open","template":"","meta":{"_et_pb_use_builder":"","_et_pb_old_content":"","footnotes":""},"_links":{"self":[{"href":"https:\/\/winnabutla.pl\/index.php\/wp-json\/wp\/v2\/pages\/3"}],"collection":[{"href":"https:\/\/winnabutla.pl\/index.php\/wp-json\/wp\/v2\/pages"}],"about":[{"href":"https:\/\/winnabutla.pl\/index.php\/wp-json\/wp\/v2\/types\/page"}],"author":[{"embeddable":true,"href":"https:\/\/winnabutla.pl\/index.php\/wp-json\/wp\/v2\/users\/1"}],"replies":[{"embeddable":true,"href":"https:\/\/winnabutla.pl\/index.php\/wp-json\/wp\/v2\/comments?post=3"}],"version-history":[{"count":3,"href":"https:\/\/winnabutla.pl\/index.php\/wp-json\/wp\/v2\/pages\/3\/revisions"}],"predecessor-version":[{"id":2373,"href":"https:\/\/winnabutla.pl\/index.php\/wp-json\/wp\/v2\/pages\/3\/revisions\/2373"}],"wp:attachment":[{"href":"https:\/\/winnabutla.pl\/index.php\/wp-json\/wp\/v2\/media?parent=3"}],"curies":[{"name":"wp","href":"https:\/\/api.w.org\/{rel}","templated":true}]}}